t(h) = 4*h + 1. Let z(u) = 8*u + 3. Let n(y) = -5*t(y) + 2*z(y). Let i(c) = -c + 6. Let f be i(8). Determine n(f).
9
Let t(q) be the first derivative of -q**4/2 - q**2 - q + 1. Suppose 3 = -j + 2. Calculate t(j).
3
Let q be 1*(5 - 2)/(-3). Let c(o) = -13*o**2 - 1. What is c(q)?
-14
Let o(q) be the first derivative of q**4/4 + 5*q**3/3 - 7*q**2/2 - 4*q + 10. What is o(-6)?
2
Let m(v) = v - 3. Let c be m(-4). Let s(k) = k**2 + 8*k + 8. Determine s(c).
1
Let t = 7 + -10. Let n(u) = u**3 + 1. Let w be n(1). Let i(z) = -2*z - w + 0*z - 1. Calculate i(t).
3
Let m be 18/(-4) - 1/(-2). Let g(n) be the second derivative of n**4/24 + 5*n**3/6 + n**2 - 3*n. Let d(h) be the first derivative of g(h). Determine d(m).
1
Let q(m) be the second derivative of m**6/180 + m**5/120 - m**4/3 - m. Let y(v) be the third derivative of q(v). Let t be 1 - (-1)/(1/(-2)). What is y(t)?
-3
Let v(h) = -h. Let w(x) be the second derivative of -x**4/3 + 3*x. Let p be w(1). Give v(p).
4
Let h = 4 + -2. Let y be 0*1/3 - -4. Let r(d) = 2 - 3*d - 2*d + y*d. Calculate r(h).
0
Let w(r) = r - 2 - 4 + 10. Suppose 2*i + 6 = 2*y, -2*y = -4*i + i - 9. What is w(y)?
4
Let g(b) = 2*b**2 - 5*b + 2. Let d(x) = x**2 - 10*x - 8. Let z be d(11). What is g(z)?
5
Let n(q) = 9*q**2 + 12*q + 17. Let m(g) = 5*g**2 + 6*g + 9. Let y(f) = 7*m(f) - 4*n(f). Let v be y(-4). Let i(b) = -b**3 + 2*b**2 + 3*b - 1. What is i(v)?
-1
Let t(d) = 5*d**3 + 6*d + 4. Let w(q) = 4*q**3 - q**2 + 5*q + 3. Let r(m) = 3*t(m) - 4*w(m). Let p be -3*1/(-3 - -2). Suppose p*s + 0*s = 9. Give r(s).
3
Let p(b) = 2*b - 4. Let g(s) = 0 - 3*s - 17*s + 0 - 1. Let h be g(1). Let q be (-70)/h + (-1)/3. Calculate p(q).
2
Let u(g) = -2*g + 6 - g**2 + 3*g**2 - 4. Suppose 7*b = 3*b + 8. Suppose 0 = -b*l - 3*l + 10. What is u(l)?
6
Let w = -48 + 42. Let q(r) = -r**3 - 5*r**2 + 6*r - 5. What is q(w)?
-5
Let n(o) = o**2 - 16. Let f(q) = q**2 - 9*q + 20. Let d be f(5). What is n(d)?
-16
Let g(v) = -5*v**2 - 1. Let m be 30 + -1 + (-1 - 1). Suppose -4*w - f + 16 = 0, 2*w - m = -5*f - 1. Suppose 0 = 3*a + w. Calculate g(a).
-6
Let t(p) = p**2 - 8*p + 4. Let b(u) = 3*u + 6. Let c be b(5). Suppose -5*m + c = -2*m. What is t(m)?
-3
Let f(g) = 8*g**2 + 1. Suppose -y + h = 0, y + 0 - 1 = 2*h. Determine f(y).
9
Let t(h) = h**3 + h**2 - 1. Let g(m) = 6*m**3 + m**2 - m - 2. Let w = 2 + -2. Suppose -2 = -w*r + r. Let n(i) = r*t(i) + g(i). What is n(-1)?
-4
Let u(m) = 3*m**3 - 38*m**2 - 4*m + 3*m - 30*m**2 + 67*m**2. What is u(2)?
18
Let q(p) = 4*p + 8. Let u be q(-6). Let k = 11 + u. Let y(z) be the second derivative of -z**3/6 + 2*z**2 + z. Determine y(k).
9
Suppose -21 = -3*g - 3*a, 7 = g - 0*g - a. Let w(u) = -u + 7. Let q be w(g). Let p(t) = -t**3 - t - 1. Calculate p(q).
-1
Let v be 8*-1*(-2)/4. Let r(n) = -3*n**3 + 19*n**2 - 10*n + 16. Let o(h) = h**3 - 6*h**2 + 3*h - 5. Let y(d) = 7*o(d) + 2*r(d). Determine y(v).
1
Let c = 6 - 10. Let d = c + 5. Let s = d - 3. Let l(k) = -k - 4. Determine l(s).
-2
Let g(u) = -u + 0*u - 8 + 12. Let t(x) = x**2 - x + 8*x + 1 + 6. Let l be t(-5). Determine g(l).
7
Let j(a) be the first derivative of 5*a**2/2 - a - 1. Let s be 3 + 0 + -1 - -1. Suppose 5*l = -s*p - 7, -1 = 5*p + 2*l - 2. Calculate j(p).
4
Suppose -5*q = 13 + 12. Let t(x) = -x**2 - 5*x - 2. Calculate t(q).
-2
Let x(j) = j**2 + 2*j - 12. Let n be x(5). Let t(w) = -2*w - 22*w**3 - w**2 + w + n*w**3. Suppose 3 - 11 = -4*p. Calculate t(p).
2
Let l be (-2 - 6/(-9))*21/14. Let b(z) = -2*z**3 - z**2 + z - 2. Give b(l).
8
Suppose -2*f = -7*f + 10. Suppose f*d + d - 12 = 0. Let i(z) be the third derivative of z**6/120 - z**5/20 - 5*z**4/24 + z**3/3 + z**2. What is i(d)?
-2
Let g(h) = -h - 3. Let l be g(-6). Let s(q) = q + 1. Let k(v) = 12*v + 16. Let b(w) = -2*k(w) + 28*s(w). Determine b(l).
8
Let d(m) be the first derivative of m**2/2 + 4*m - 43. Calculate d(4).
8
Let h(w) = w**3 + 4*w - 5*w**2 + 0 + 0 - 1. Let i(k) = -k**3 - 7*k**2 - 8*k - 8. Let s be i(-6). Calculate h(s).
-1
Suppose -y = -3*b + 18, 4*y + 1 + 11 = 2*b. Suppose -3*n - 3*h + 24 = 0, h + 1 = b. Let k(z) = 3*z**3 - z**n + 0 - 1 - z. Determine k(-1).
-2
Let s(l) be the third derivative of l**8/20160 - l**7/5040 - l**6/144 + l**5/30 - 9*l**2. Let m(v) be the third derivative of s(v). Give m(0).
-5
Let q(v) = -4*v - 5. Let f be 10/6*(-5 - -2). What is q(f)?
15
Let c = -320 + 19201/60. Let v(m) be the third derivative of 0*m**3 + 0*m + 1/24*m**6 + c*m**5 + 0*m**4 + 0 - 2*m**2. What is v(-1)?
-4
Suppose l = 2*l - 1. Suppose 2*a + 5*t + l = -0, -a + 7 = -5*t. Let b(v) = 8 - 4*v - v**2 + v + 0*v - a*v. Determine b(-6).
2
Let h(n) = n**3 - 5*n**2 + 4*n + 5. Suppose 2*z - 12 = -2*z. Let l(u) = -2*u - 4*u**2 + 1 + 3*u**2 + 2*u**2. Let i be l(z). Determine h(i).
5
Suppose -t + 4*m = 9, -4*t - 3*m + m = 0. Let p(r) = -r**3 - r**2 + r + 1. Give p(t).
0
Let c be (-2)/4*(-3 + 7). Let n be c*1/2*2. Let i(o) = -o**3 - 4*o**2 - 4*o - 2. Calculate i(n).
-2
Let i be (-6)/1 + -1 + -1. Let n = i - -5. Let s(g) = -g**3 - g**2 + g + 1. Let a(d) = -5*d**3 - 7*d**2 + 6*d + 3. Let f(t) = a(t) - 4*s(t). Determine f(n).
-7
Let a(c) = -3*c**3 + c**2 - 9*c - 12. Let r(o) = o**3 - o**2 + 5*o + 6. Let h(f) = -2*a(f) - 5*r(f). What is h(-4)?
6
Let f be 2*(-1)/(-2) + 2. Suppose 2*y = -f + 15. Let s(d) = -d**3 + 7*d**2 - 5*d - 8. What is s(y)?
-2
Let h(n) = 3*n**3 + 8*n**2 - 5*n + 6. Let m(o) = o**2 - o + 1. Let g(d) = -h(d) + 6*m(d). Determine g(-1).
2
Let m(a) = -a**2 + 7*a + 1. Suppose -5*d = -2*d - 6. Let t(g) = g**2 - 6*g - 2. Let v(f) = d*m(f) + 3*t(f). Let i be -1 + 9 - (-1 - -4). Give v(i).
1
Let a(h) = -30*h - 1 + 21*h + 10*h. Let c = 7 + -2. Suppose -2*m - 3*u - 2 = -c, 0 = 5*m - 4*u - 19. Determine a(m).
2
Suppose -2 = -4*h - 2*t + t, -2*t = -3*h - 4. Suppose 17 = -5*l + 27. Let k(z) = -2*z + 0*z**3 + 2 + z**3 + h*z - 3 - 3*z**l. Give k(2).
-9
Let y(m) be the third derivative of -m**5/60 + m**4/24 - m**3/3 + 35*m**2. What is y(1)?
-2
Let l(r) be the second derivative of -r**3/6 + r**2/2 + r. Let g = -6 - -6. Suppose 20 + g = 4*m. Calculate l(m).
-4
Let w(f) be the first derivative of f**4/4 - 5*f**3/3 + 3*f**2/2 + 5*f - 19. Give w(5).
20
Let k be 3*12/9 + -4. Let m(r) = -r - 11. Calculate m(k).
-11
Let k(d) = d**3 + 4*d**2 - 5*d. Suppose 11 = g + 4. Suppose -4*o = g + 13. What is k(o)?
0
Let u(h) = -5*h. Let g be u(-4). Suppose -g = -3*s - 5. Let c(d) = -d**2 + 5*d + 2. What is c(s)?
2
Let o(p) = 5 - 16*p + p**2 - 5 + 7*p + 8. Give o(7).
-6
Let j(r) be the third derivative of -r**4/12 - r**3/3 - 8*r**2. Determine j(5).
-12
Let l(q) = q**3 - q + 4. Let f = -2 + 7. Suppose f*b = 7*b. Calculate l(b).
4
Let j = 22 + -24. Let h(o) = 2*o**2 + 3*o + 3. Give h(j).
5
Let c be ((-18)/8)/(5/20). Let a = c - -15. Let u(s) = s**3 - 5*s**2 - 5*s - 2. Give u(a).
4
Suppose 6*j - 2*j - 4 = 0. Let b(q) = -4*q**2 + 5*q + 7. Let a(z) = 2*z**2 - 3*z - 4. Let f(n) = 5*a(n) + 3*b(n). Give f(j).
-1
Let c(h) = -5*h**3 + 7 + 1 - 4*h**2 + 2*h**2 - 3 - h. Let v(l) = -l**3 - l**2 + 1. Let x(k) = c(k) - 6*v(k). Give x(-4).
3
Let l = -3 + 2. Let j(f) = f**2 - 1 + 1 - 4*f**3. What is j(l)?
5
Let c(s) = -s**3 + 16*s**2 + 14*s - 9. Let r(w) = -2*w**3 + 31*w**2 + 28*w - 17. Let a(q) = 5*c(q) - 3*r(q). Calculate a(14).
6
Let b(o) = o + 6 - 3 - 1. Determine b(-7).
-5
Let b(o) be the third derivative of o**8/6720 + o**7/2520 - o**6/240 + o**5/60 - o**4/8 + 4*o**2. Let l(r) be the second derivative of b(r). Calculate l(2).
8
Let j(c) = 2*c + 6. Let y = 0 - -4. Let l be 16/6*(-6)/y. Let g(k) = k**3 + 5*k**2 + 4*k - 5. Let m be g(l). What is j(m)?
-4
Let v(l) = l**3 + 2*l**2 + 2*l + 2. Let q(b) = -5*b**3 - 11*b**2 - 11*b - 9. Let r(o) = -2*q(o) - 11*v(o). What is r(0)?
-4
Suppose 0*s - 2*s - 5*o + 3 = 0, -4*o = 2*s - 4. Let y be (8/(-3))/(s/12). Let l = 13 + y. Let d(i) = 2*i - 5. What is d(l)?
5
Let h be (-3)/2*(-4)/3. Let a(i) be the second derivative of i**4/12 - 2*i**3/3 + i**2 - 2*i. Let u be a(h). Let d(y) = 2*y + 2. Calculate d(u).
-2
Let p(u) = u**3 - u**2 + 1. Let i(r) = 7*r**3 - 9*r**2 + r + 6. Let n(z) = i(z) - 6*p(z). What is n(2)?
-2
Let w(g) = -g**2 - g - 3. Suppose 5*l + 48 = l. Let t = 9 + l. Calculate w(t).
-9
Suppose -2*v + 26 = m, 1 = -v + 2*m + m. Let n = v + -17. Let o(g) = g**2 + 4*g - 5. Give o(n).
7
Let h(a) = -a**2 - 6*a + 4. Let 